culate the remainder when 306 is divided by 18.
0
What is the remainder when 762 is divided by 124?
18
What is the remainder when 200 is divided by 62?
14
Calculate the remainder when 966 is divided by 272.
150
What is the remainder when 4121 is divided by 55?
51
Calculate the remainder when 227 is divided by 49.
31
Calculate the remainder when 108 is divided by 50.
8
What is the remainder when 431 is divided by 48?
47
Calculate the remainder when 631 is divided by 212.
207
Calculate the remainder when 78 is divided by 23.
9
Calculate the remainder when 2286 is divided by 406.
256
Calculate the remainder when 1177 is divided by 64.
25
Calculate the remainder when 566 is divided by 65.
46
What is the remainder when 2855 is divided by 28?
27
Calculate the remainder when 124 is divided by 68.
56
What is the remainder when 119 is divided by 61?
58
Calculate the remainder when 110 is divided by 76.
34
What is the remainder when 2875 is divided by 8?
3
Calculate the remainder when 1643 is divided by 103.
98
What is the remainder when 91 is divided by 33?
25
Calculate the remainder when 861 is divided by 18.
15
Calculate the remainder when 339 is divided by 15.
9
Calculate the remainder when 9615 is divided by 163.
161
Calculate the remainder when 824 is divided by 11.
10
Calculate the remainder when 1996 is divided by 49.
36
Calculate the remainder when 278 is divided by 49.
33
What is the remainder when 23 is divided by 15?
8
Calculate the remainder when 430 is divided by 54.
52
Calculate the remainder when 801 is divided by 45.
36
Calculate the remainder when 133 is divided by 22.
1
Calculate the remainder when 1741 is divided by 7.
5
Calculate the remainder when 113 is divided by 57.
56
Calculate the remainder when 3407 is divided by 1131.
14
Calculate the remainder when 108 is divided by 28.
24
What is the remainder when 238 is divided by 20?
18
Calculate the remainder when 10237 is divided by 80.
77
Calculate the remainder when 2898 is divided by 20.
18
Calculate the remainder when 898 is divided by 180.
178
What is the remainder when 290 is divided by 49?
45
Calculate the remainder when 544 is divided by 151.
91
Calculate the remainder when 336 is divided by 103.
27
Calculate the remainder when 78 is divided by 66.
12
What is the remainder when 1002 is divided by 42?
36
What is the remainder when 15328 is divided by 210?
208
Calculate the remainder when 10062 is divided by 55.
52
Calculate the remainder when 950 is divided by 34.
32
Calculate the remainder when 254 is divided by 5.
4
Calculate the remainder when 2779 is divided by 11.
7
What is the remainder when 445 is divided by 11?
5
What is the remainder when 235 is divided by 82?
71
Calculate the remainder when 201 is divided by 191.
10
Calculate the remainder when 8809 is divided by 78.
73
What is the remainder when 11472 is divided by 51?
48
What is the remainder when 6666 is divided by 113?
112
What is the remainder when 2853 is divided by 21?
18
What is the remainder when 217 is divided by 117?
100
What is the remainder when 64 is divided by 50?
14
Calculate the remainder when 56 is divided by 50.
6
What is the remainder when 833 is divided by 215?
188
Calculate the remainder when 3383 is divided by 121.
116
Calculate the remainder when 294 is divided by 9.
6
Calculate the remainder when 1326 is divided by 111.
105
What is the remainder when 1940 is divided by 12?
8
What is the remainder when 145 is divided by 136?
9
Calculate the remainder when 207 is divided by 13.
12
What is the remainder when 264 is divided by 73?
45
What is the remainder when 6662 is divided by 14?
12
What is the remainder when 323 is divided by 82?
77
Calculate the remainder when 124 is divided by 73.
51
What is the remainder when 237 is divided by 113?
11
Calculate the remainder when 682 is divided by 144.
106
Calculate the remainder when 84 is divided by 16.
4
What is the remainder when 1066 is divided by 11?
10
What is the remainder when 909 is divided by 44?
29
Calculate the remainder when 36 is divided by 30.
6
Calculate the remainder when 299 is divided by 52.
39
What is the remainder when 1565 is divided by 9?
8
What is the remainder when 110 is divided by 53?
4
Calculate the remainder when 74 is divided by 28.
18
Calculate the remainder when 91 is divided by 40.
11
Calculate the remainder when 10003 is divided by 23.
21
Calculate the remainder when 165 is divided by 42.
39
Calculate the remainder when 4727 is divided by 60.
47
What is the remainder when 16 is divided by 12?
4
What is the remainder when 1412 is divided by 59?
55
Calculate the remainder when 145 is divided by 45.
10
Calculate the remainder when 1201 is divided by 197.
19
What is the remainder when 247 is divided by 50?
47
Calculate the remainder when 520 is divided by 12.
4
Calculate the remainder when 240 is divided by 13.
6
Calculate the remainder when 91 is divided by 80.
11
Calculate the remainder when 43 is divided by 3.
1
What is the remainder when 857 is divided by 11?
10
What is the remainder when 2202 is divided by 96?
90
Calculate the remainder when 299 is divided by 258.
41
What is the remainder when 131 is divided by 19?
17
Calculate the remainder when 298 is divided by 134.
30
What is the remainder when 962 is divided by 133?
31
What is the remainder when 447 is divided by 112?
111
What is the remainder when 451 is divided by 57?
52
Calculate the remainder when 222 is divided by 45.
42
Calculate the remainder when 401 is divided by 31.
29
What is the remainder when 343 is divided by 55?
13
What is the remainder when 43 is divided by 30?
13
What is the remainder when 679 is divided by 62?
59
What is the remainder when 163 is divided by 102?
61
What is the remainder when 39 is divided by 7?
4
Calculate the remainder when 156 is divided by 56.
44
What is the remainder when 392 is divided by 181?
30
What is the remainder when 1175 is divided by 192?
23
What is the remainder when 2053 is divided by 171?
1
Calculate the remainder when 2947 is divided by 24.
19
What is the remainder when 55 is divided by 22?
11
What is the remainder when 185 is divided by 32?
25
What is the remainder when 199 is divided by 167?
32
What is the remainder when 376 is divided by 74?
6
Calculate the remainder when 543 is divided by 68.
67
Calculate the remainder when 35 is divided by 22.
13
What is the remainder when 28362 is divided by 93?
90
What is the remainder when 623 is divided by 162?
137
What is the remainder when 119 is divided by 98?
21
Calculate the remainder when 1341 is divided by 280.
221
Calculate the remainder when 19660 is divided by 339.
337
What is the remainder when 374 is divided by 62?
2
What is the remainder when 777 is divided by 362?
53
Calculate the remainder when 5 is divided by 1.
0
Calculate the remainder when 131 is divided by 9.
5
What is the remainder when 1262 is divided by 49?
37
What is the remainder when 290 is divided by 15?
5
Calculate the remainder when 1429 is divided by 40.
29
What is the remainder when 5857 is divided by 2923?
11
What is the remainder when 171 is divided by 18?
9
What is the remainder when 162 is divided by 46?
24
What is the remainder when 2339 is divided by 13?
12
What is the remainder when 420 is divided by 85?
80
What is the remainder when 395 is divided by 122?
29
What is the remainder when 418 is divided by 72?
58
What is the remainder when 265 is divided by 80?
25
Calculate the remainder when 232 is divided by 59.
55
What is the remainder when 3052 is divided by 17?
9
What is the remainder when 7894 is divided by 141?
139
What is the remainder when 462 is divided by 116?
114
What is the remainder when 73 is divided by 39?
34
Calculate the remainder when 337 is divided by 20.
17
What is the remainder when 42 is divided by 5?
2
What is the remainder when 445 is divided by 61?
18
What is the remainder when 212 is divided by 121?
91
What is the remainder when 16055 is divided by 101?
97
Calculate the remainder when 94 is divided by 26.
16
What is the remainder when 302 is divided by 163?
139
What is the remainder when 5829 is divided by 24?
21
What is the remainder when 105 is divided by 61?
44
What is the remainder when 10918 is divided by 104?
102
What is the remainder when 10 is divide